
30
Let z be 201/(-3)*1 + -3. Let t = -66 - z. Suppose r - 40 = 4. What is the highest common divisor of r and t?
4
Suppose -8*z + 3*u = -12*z + 1507, 5*z - 1878 = 2*u. Calculate the highest common factor of z and 47.
47
Let f = 2863 - 2053. Calculate the greatest common divisor of 30 and f.
30
Suppose f - 40 - 59 = 0. Let h(y) = -y**2 - 14*y - 12. Let m be h(-8). Let o = m - 27. Calculate the highest common divisor of o and f.
9
Let w be (-4 + 248/(-20))/(1/(-20)). What is the highest common factor of 16 and w?
8
Suppose -2 = i, -8*i = u - 12*i - 44. Calculate the greatest common factor of 612 and u.
36
Let s(i) be the first derivative of -i**2 + 18*i + 2. Let k be s(10). Let t be (k/4)/((-4)/288). Calculate the highest common factor of 9 and t.
9
Suppose -54 = 151*x - 152*x. Calculate the highest common factor of x and 12.
6
Suppose 266 + 179 = 5*g - 5*s, -3*g - s + 275 = 0. What is the greatest common divisor of g and 21?
7
Suppose 188*t - 12 = 4*a + 193*t, a + 2 = -t. What is the highest common divisor of 11 and a?
1
Suppose 0 = i + 9 - 10. Let p(b) = 307*b**2 + 2*b - 1. Let k be p(i). Calculate the greatest common factor of 28 and k.
28
Suppose 5*z = -5*y + 625, 2 + 2 = y. Calculate the highest common divisor of z and 11.
11
Let g(y) = -y**3 + 6*y**2 + 4*y - 4. Let d be g(6). Calculate the highest common divisor of d and 230.
10
Let m(t) = -8*t - 15 + t**2 + 41 - 20. Let y be m(7). Let z(r) = 11*r**2 - 2*r - 2. Let u be z(y). Calculate the greatest common factor of 121 and u.
11
Suppose 17*d - 51 = 85. What is the highest common divisor of d and 856?
8
Suppose -1057 = -25*z + 43. What is the greatest common factor of z and 8?
4
Let s be (13 - 17)*(-27)/6. Calculate the highest common divisor of s and 450.
18
Suppose -315 = -4*l - p, -3*l - 150 = -5*l + 2*p. What is the highest common factor of 12 and l?
6
Let u(n) = -6*n - 25. Suppose 2*x - 60 = -2*x. Let h = 9 - x. Let w be u(h). Calculate the highest common divisor of w and 11.
11
Let y be (5 + 45/(-6))*4/(-2). Suppose -54 + 14 = -y*j. What is the highest common divisor of j and 216?
8
Let f be (-104)/(-39)*(-210)/(-4). Calculate the highest common factor of 21 and f.
7
Suppose -v + 3902 = 4*y, -4*y - 1950 = -6*y - v. Calculate the greatest common factor of y and 32.
16
Suppose -v + 13 + 20 = 0. Suppose 4*b + s = 29, 0 = 5*b - s - s - v. What is the greatest common factor of b and 1?
1
Suppose 7 = -4*x + 5*q, 5*x + 4*q - 3 = -22. Let l be ((-19)/(-5) + x)*10. Calculate the greatest common factor of l and 8.
8
Let u(a) = a**3 - 19*a**2 + a - 4. Let m be u(19). Calculate the greatest common divisor of 135 and m.
15
Let l(p) = -p**3 + 14*p**2 - p + 18. Suppose j - 5 - 9 = 0. Let h be l(j). Let q = 57 + -25. What is the highest common factor of q and h?
4
Let p be (-18)/2 - -1 - 4. Let d be p/(-2)*14/21 - 1. Calculate the greatest common divisor of d and 1.
1
Let q = -61 + 42. Let j = q + 18. Let s be -2 - (-4 - j - 131). Calculate the highest common divisor of 12 and s.
12
Let f(h) = h**2 + 25*h - 1. Let b be f(-22). Let s = 82 + b. Calculate the highest common factor of s and 120.
15
Let h = 906 - 878. What is the greatest common divisor of h and 112?
28
Let x be -2 + -1 + 4 + (-378)/(-7). What is the highest common divisor of x and 66?
11
Let s = 969 + -430. What is the greatest common factor of s and 385?
77
Let u = 345 - 329. What is the highest common divisor of 44 and u?
4
Suppose -4*q + 16 = 0, -y + 3*y - 102 = 2*q. What is the highest common factor of y and 55?
55
Let j be (-266)/(-10) - 2*(-3)/15. Let q = -15 + j. Calculate the highest common divisor of q and 96.
12
Let l(s) = -2*s - 4. Let j be l(-2). Let u(d) be the first derivative of -d**3/3 + 54*d - 1. Let c be u(j). What is the greatest common divisor of c and 36?
18
Let d be ((-108)/8)/(12/(-304)). Calculate the highest common factor of 36 and d.
18
Let k be 10/(-4)*24/(-30). Suppose 2*x - 2*b = 16, 3*x = -k*x + 2*b + 37. Suppose -28 = 5*c - x*c. Calculate the greatest common divisor of 140 and c.
14
Suppose 5*b + 8*f - 4*f = 61, 2*f - 24 = -2*b. Let d = -81 - -133. What is the greatest common divisor of d and b?
13
Let b = -39 + 45. Suppose -6*j + b = -0*j. What is the greatest common factor of j and 2?
1
Let w(r) = -3*r**2 + r + 6. Let t be w(-2). Let q(l) = -8*l - 38. Let n be q(t). What is the greatest common factor of 2 and n?
2
Suppose 6 + 4 = 5*j. Let o(u) = 2*u**3 - 3*u**2 - u - 1. Let f be o(j). Suppose d = -f + 2. What is the greatest common divisor of d and 4?
1
Suppose -3 = -v + 7. Suppose -4*h + 5*j + 345 = 0, 8*h = 13*h - 3*j - 415. What is the greatest common factor of v and h?
10
Let c(s) = 168*s - 562. Let o be c(9). What is the greatest common divisor of o and 38?
38
Let a be (-3 + 2)/((-1)/17). Let q be ((-4)/48*-20)/(2/(-36)). Let l be (-24)/q - (-243)/15. What is the highest common factor of l and a?
17
Let f = 206 - 201. Let h = -12 - -14. What is the highest common divisor of h and f?
1
Suppose 0*p + 37 = 2*p + 5*k, -5*k = p - 31. Suppose 0 = -3*s - 5*x + p, -s - 2 = x - 4. What is the highest common divisor of s and 22?
2
Let l = 1744 + -1662. What is the greatest common factor of 2 and l?
2
Let m be 8/(-60) + (-11536)/(-120). Calculate the highest common factor of 3 and m.
3
Let z(r) = -27*r**3 + r**2 - r - 1. Let t be z(-1). Suppose -6 = 5*g + 4, k - 2*g = 18. Calculate the highest common factor of t and k.
14
Let j(t) = 2*t + 28. Let u be j(-12). Suppose 4*q - 3*d - 130 = -q, 4*q - u*d - 96 = 0. What is the greatest common divisor of 29 and q?
29
Let p be 21/2*(25 + -1). Let o be (42/4)/(9/24). What is the greatest common divisor of p and o?
28
Let q be 0 + -3 + 3 - 0. Let m be (2 + q)/(3/9). Suppose -166 + 162 = -2*z. What is the greatest common divisor of z and m?
2
Let u = -3 - -7. Suppose 0 = -4*p + r + 113, 0*p - u*p - 4*r + 108 = 0. Let f = 156 - p. Calculate the highest common factor of 32 and f.
32
Let j(t) = -132*t + 1064. Let w be j(8). Let g = 13 + 75. What is the greatest common divisor of g and w?
8
Suppose -v = -b + 10, 4 - 29 = -b - 4*v. Let i(o) = 2*o + 7 + 16 + o**2 + 19*o + 3. Let l be i(-21). What is the highest common factor of b and l?
13
Suppose -j - 4 + 3 = 0. Let x be ((-28)/20)/(j/5). Suppose -9*p + x*p = -32. What is the greatest common divisor of p and 48?
16
Let h be (-10 + 17)/((-2)/(-14)). What is the highest common divisor of 441 and h?
49
Let u(p) = 3*p + 20. Let a be u(-6). Suppose -s - a*s + 126 = 4*x, -5*x - s + 152 = 0. What is the greatest common divisor of 240 and x?
30
Suppose -702 = -16*z + 7*z. What is the greatest common factor of 104 and z?
26
Suppose -2*g - 2 = 0, 13*z - 212 = 8*z + 2*g. What is the highest common factor of 266 and z?
14
Suppose 0 = 5*a - 2*a + 1071. Let w be ((-4)/(-6))/((-34)/a). What is the greatest common factor of w and 28?
7
Let b(c) = 9*c - 2 - 2 + c**2 - 1 + 0. Let h be b(-10). Suppose -u - 3*o = -11, 3*u = -5*o + 30 - h. What is the highest common factor of 45 and u?
5
Let c(n) = -n**3 + 5*n**2 + n - 1. Let v be c(5). Suppose o + v*o = 30. Suppose -2*k + o*k = 360. Calculate the highest common factor of 60 and k.
30
Let w = -325 - -328. Let z = 9 - 6. Suppose 4*u - h = 27, -3*u + z*h + 39 = 2*u. Calculate the greatest common divisor of w and u.
3
Suppose 186*s - 2100 = 166*s. Calculate the greatest common factor of 231 and s.
21
Let g(i) = -i + 4. Let h be g(-10). Suppose 0 = -0*r + 27*r - 54. Calculate the greatest common divisor of r and h.
2
Let s be (-4)/(-22) - (1834/(-77) - -5). What is the highest common factor of s and 361?
19
Let a(j) = 129*j**2 + 97*j**2 - 190*j**2. Let i be a(1). What is the highest common divisor of i and 72?
36
Let y be -15*(4 + (-624)/30). Calculate the highest common factor of 36 and y.
36
Let v be -6*-1*(-2)/(-4). Let p = -43 - -47. Suppose r - p*r + 81 = 0. Calculate the greatest common divisor of r and v.
3
Let s be (-6 - -9) + 17/1. Let c be ((-135)/s - -7) + (-38)/(-8). Calculate the greatest common divisor of 45 and c.
5
Suppose -7*c + 1152 = 11*c. What is the highest common factor of c and 48?
16
Let r(o) = 4*o + 4. Let q be r(2). Suppose 0 = -15*b + 12*b + q. What is the greatest common divisor of b and 1?
1
Suppose 0 = -3*p - 3*u + 66, 11*p + 27 = 12*p - 4*u. What is the highest comm